10 a factor of 173230?
True
Is 648 a factor of 704549?
False
Is 503 a factor of 987833?
False
Does 37 divide 19553057?
True
Is 6 a factor of 1018439?
False
Is 63 a factor of 3430444?
False
Is 77623 a multiple of 351?
False
Is 186462 a multiple of 81?
True
Does 806 divide 8193796?
True
Is 13 a factor of 873209?
False
Does 201 divide 76581?
True
Does 13 divide 745966?
True
Does 629 divide 2168876?
False
Is 4914 a multiple of 13?
True
Is 53 a factor of 6503895?
True
Is 30 a factor of 3822443?
False
Is 16 a factor of 244352?
True
Is 1725516 a multiple of 1099?
False
Does 611 divide 73931?
True
Does 148 divide 2408?
False
Is 4 a factor of 10456?
True
Does 52 divide 309791?
False
Does 184 divide 255576?
True
Is 96 a factor of 8118048?
True
Is 319056 a multiple of 68?
True
Is 30 a factor of 11560200?
True
Is 1004014 a multiple of 517?
True
Is 132 a factor of 1122903?
False
Does 34 divide 1043664?
True
Does 254 divide 598368?
False
Does 35 divide 821221?
False
Does 286 divide 6122402?
True
Is 41 a factor of 9314?
False
Is 1776 a factor of 17925168?
True
Does 7 divide 45413?
False
Does 3062 divide 25298404?
False
Is 147 a factor of 3557011?
False
Is 22 a factor of 186539?
False
Is 8079148 a multiple of 119?
True
Does 3 divide 35049?
True
Is 7 a factor of 553199?
False
Is 252172 a multiple of 19?
False
Is 10 a factor of 283460?
True
Does 624 divide 2284464?
True
Does 11 divide 63096?
True
Is 1609 a factor of 11892350?
False
Is 8 a factor of 144816?
True
Is 367107 a multiple of 9?
False
Does 13 divide 147719?
True
Is 5285703 a multiple of 6?
False
Is 772558 a multiple of 46?
False
Is 4256845 a multiple of 206?
False
Does 482 divide 1910371?
False
Does 558 divide 2801414?
False
Is 31 a factor of 333936?
False
Is 122 a factor of 444655?
False
Does 179 divide 1718776?
False
Is 237 a factor of 18640597?
False
Is 1160862 a multiple of 38?
True
Is 38 a factor of 171722?
True
Is 10 a factor of 459990?
True
Is 51194 a multiple of 11?
True
Is 112 a factor of 22965537?
False
Is 1294673 a multiple of 131?
True
Is 144 a factor of 1538208?
True
Does 69 divide 2484737?
False
Is 3 a factor of 162820?
False
Does 81 divide 214477?
False
Is 25 a factor of 298275?
True
Is 688074 a multiple of 468?
False
Does 123 divide 3332070?
True
Is 218 a factor of 318568?
False
Does 280 divide 36960?
True
Is 137 a factor of 91790?
True
Is 3092672 a multiple of 46?
True
Does 12 divide 32772?
True
Is 12 a factor of 1095864?
True
Is 3135140 a multiple of 161?
False
Does 23 divide 11620?
False
Is 8798928 a multiple of 1394?
True
Is 2219784 a multiple of 8?
True
Does 331 divide 67524?
True
Does 21 divide 205164?
False
Does 5 divide 968?
False
Is 108 a factor of 1001700?
True
Is 115 a factor of 1758695?
True
Is 972437 even?
False
Is 95 a factor of 437000?
True
Is 212256 a multiple of 33?
True
Does 62 divide 2452787?
False
Is 925980 a multiple of 30?
True
Is 20 a factor of 179320?
True
Is 529 a multiple of 8?
False
Does 46 divide 323242?
True
Is 36 a factor of 21672?
True
Is 2 a factor of 1019?
False
Is 260400 a multiple of 92?
False
Does 38 divide 111682?
True
Is 986809 a multiple of 29?
False
Is 2545319 a multiple of 413?
True
Is 4 a factor of 9810950?
False
Does 8 divide 739380?
False
Does 11 divide 76098?
True
Does 336 divide 5142046?
False
Does 17 divide 149424?
False
Does 184 divide 791200?
True
Is 13257666 a multiple of 282?
True
Does 1466 divide 2867626?
False
Is 5051072 a multiple of 1868?
True
Does 14 divide 16040?
False
Is 47 a factor of 360414?
False
Is 22 a factor of 86000?
False
Does 329 divide 1287849?
False
Is 8099377 a multiple of 2717?
True
Does 83 divide 11893?
False
Is 5481346 a multiple of 338?
True
Is 31 a factor of 156178?
True
Is 54226 a multiple of 23?
False
Is 4779542 a multiple of 463?
False
Is 3429005 a multiple of 677?
True
Does 62 divide 629952?
False
Is 6 a factor of 299420?
False
Is 185570 a multiple of 70?
True
Is 4573231 a multiple of 13?
True
Is 141 a factor of 414024?
False
Does 87 divide 220053?
False
Is 76 a factor of 187066?
False
Is 28811069 a multiple of 15?
False
Is 11 a factor of 150448?
False
Is 355828 a multiple of 44?
True
Is 148 a factor of 4994852?
True
Is 16 a factor of 2095556?
False
Is 306 a factor of 81387?
False
Is 5475180 a multiple of 30?
True
Is 223530 a multiple of 36?
False
Is 2423697 a multiple of 33?
False
Does 23 divide 347675?
False
Is 1239869 a multiple of 38?
False
Does 256 divide 25910272?
True
Is 945886 a multiple of 257?
False
Does 17 divide 10876175?
True
Does 20 divide 436163?
False
Is 1689651 a multiple of 57?
True
Does 2264 divide 799192?
True
Does 22 divide 359194?
True
Is 207 a factor of 204722?
False
Is 894040 a multiple of 15?
False
Is 39 a factor of 94068?
True
Is 327109 a multiple of 2?
False
Is 124671 a multiple of 46?
False
Does 15 divide 195934?
False
Is 1056156 a multiple of 622?
True
Does 21 divide 511959?
True
Does 476 divide 193732?
True
Is 8624060 a multiple of 192?
False
Is 7037173 a multiple of 170?
False
Does 26 divide 3343288?
True
Is 90875 a multiple of 5?
True
Does 188 divide 31218?
False
Is 38 a factor of 3847?
False
Does 2 divide 2670771?
False
Is 25 a factor of 919725?
True
Does 121 divide 15972?
True
Is 15744 a multiple of 128?
True
Does 534 divide 351187?
False
Is 22 a factor of 1498811?
False
Is 38 a factor of 858040?
True
Is 401 a factor of 2041806?
False
Does 8 divide 33592?
True
Is 2204820 a multiple of 565?
False
Is 43 a factor of 101903?
False
Is 16 a factor of 153490?
False
Is 214689 a multiple of 7?
False
Is 1078801 a multiple of 202?
False
Does 6 divide 437172?
True
Is 858032 a multiple of 8?
True
Is 1775 a factor of 31065004?
False
Does 77 divide 76384?
True
Does 549 divide 101522?
False
Does 13 divide 63622?
True
Is 23 a factor of 74405?
True
Is 173 a factor of 857734?
True
Does 50 divide 185300?
True
Does 36 divide 1002018?
False
Is 385 a factor of 3155075?
True
Is 357 a factor of 7147654?
False
Is 66033 a multiple of 10?
False
Is 61 a factor of 244250?
False
Does 306 divide 1636824?
False
Is 1781705 a multiple of 11?
False
Is 72843 a multiple of 11?
False
Is 4237982 a multiple of 768?
False
Is 8 a factor of 687648?
True
Is 5 a factor of 3203?
False
Is 4 a factor of 540345?
False
Does 27 divide 459513?
True
Is 556935 a multiple of 107?
True
Is 535243 a multiple of 33?
False
Is 1398577 a multiple of 28?
False
Is 217 a factor of 357945?
False
Is 2720411 a multiple of 124?
False
Is 735063 a multiple of 24?
False
Does 202 divide 460156?
True
Is 225271 a multiple of 51?
False
Does 553 divide 724983?
True
Does 29 divide 211716?
False
Does 179 divide 3050203?
False
Is 379339 a multiple of 47?
False
Does 590 divide 256800?
False
Is 59302 a multiple of 256?
False
Does 9 divide 262989?
True
Is 74 a factor of 2566774?
False
Is 20 a factor of 211909?
False
Is 7 a factor of 74812?
False
Does 110 divide 444730?
True
Does 459 divide 527391?
True
Is 1324188 a multiple of 1206?
True
Is 224162 a multiple of 347?
True
Does 123 divide 2365418?
False
Is 25 a factor of 10025?
True
Is 125829 a multiple of 93?
True
Does 4 divide 35797?
False
Is 120311 a multiple of 57?
False
Is 56 a factor of 24259?
False
Is 4493638 a multiple of 111?
False
Is 621949 a multiple of 704?
False
Is 65 a factor of 126230?
True
Is 15 a factor of 327735?
True
Does 56 divide 2175407?
False
Is 22 a factor of 3217346?
True
Is 86028 a multiple of 402?
True
Is 47774 a multiple of 57?
False
Is 1030084 a multiple of 11?
True
Does 694 divide 1692684?
False
Is 3867824 a multiple of 1201?
False
Is 2897700 a multiple of 780?
True
Does 48 divide 201047?
False
Is 915326 a multiple of 12?
False
Is 21868 a multiple of 42?
False
Does 39 divide 1290240?
False
Is 13 a factor of 1746589?
True
Does 58 divide 52954?
True
Is 50723 a multiple of 104?
False
Is 315760 a multiple of 67?
False
Is 147210 a multiple of 15?
True
Does 8 divide 1370?
False
Does 199 divide 9496103?
False
Is 10 a factor of 30559?
False
Is 369 a factor of 4614362?
False
Is 40 a factor of 1242464?
False
Does 18 divide 317719?
False
Is 10 a factor of 17630?
True
Is 5780 a multiple of 102?
False
Is 25 a factor of 108984?
False
Is 5324508 a multiple of 248?
False
Is 75 a factor of 20066?
False
Is 123 a factor of 2909196?
True
Is 687419 a multiple of 449?
True
Is 69 a factor of 192824